{"id":228729,"date":"2024-09-12T07:23:52","date_gmt":"2024-09-12T05:23:52","guid":{"rendered":"http:\/\/staging.laboklin.com\/labogen\/labogen_wp\/faktor-xi-defizienz-f11"},"modified":"2024-09-12T07:23:52","modified_gmt":"2024-09-12T05:23:52","slug":"faktor-xi-defizienz-f11","status":"publish","type":"page","link":"https:\/\/staging.laboklin.com\/labogen\/labogen_wp\/index.php\/erbkrankheiten-katze\/faktor-xi-defizienz-f11\/","title":{"rendered":"Faktor XI-Defizienz (F11)"},"content":{"rendered":"<div class=\"wrap-top\"><div class=\"wrap-left\"><h1 class=\"header-1\">Faktor XI-Defizienz (F11)<\/h1><h4><strong>General description<\/strong><\/h4><p class=\"bodytext\">Der Koagulationsfaktor XI ist ein Plasmaprotein, beteiligt an der intrinsischen Kaskade der Blutgerinnung. Die Blutungstendenz bei Faktor-XI-Mangel ist im Gegensatz zu H\u00e4mophilien nur leichtgradig erh\u00f6ht. Typisch sind H\u00e4matome und andere leichte Blutungen, die nur manchmal nach Trauma oder chirurgischen Eingriffen auftreten<\/p><h4 class=\"header-4\"><strong><span>Breeds<\/span><\/strong><\/h4><p>Maine Coon<\/p><\/div><div class=\"wrap-right\"><div class=\"wrap-toggle\"><div class=\"toggle-details\"><details><summary class=\"summary-details\">Order details<\/summary><table border=\"0\"><tr><td width=\"45%\"><span><strong>Test number<\/strong><\/span><\/td><td>8729<\/td><\/tr><tr><td><strong>Abbreviation<\/strong><\/td><td>F11<\/td><\/tr><tr><td><strong>Sample material<\/strong><\/td><td>0,5 ml EDTA Blut, 2x Backenabstrich, 1x Spezialabstrich (eNAT)<\/td><\/tr><tr><td><strong>Test duration<\/strong><\/td><td>3-5 Werktage<\/td><\/tr><\/table><\/details><details><summary class=\"summary-specs\">Test specifications<\/summary><table border=\"0\"><tr><td width=\"45%\"><strong>Symptom complex<\/strong><\/td><td>h\u00e4matologisch<\/td><\/tr><tr><td width=\"45%\"><strong>Inheritance<\/strong><\/td><td>autosomal-rezessiv<\/td><\/tr><tr><td width=\"45%\"><strong>Causality<\/strong><\/td><td>assoziiert<\/td><\/tr><tr><td width=\"45%\"><strong>Gene<\/strong><\/td><td>F11<\/td><\/tr><tr><td width=\"45%\"><strong>Mutation<\/strong><\/td><td>G-A<\/td><\/tr><tr><td width=\"45%\"><strong>Literature<\/strong><\/td><td><a href='https:\/\/www.omia.org\/OMIA000363\/9685\/' target='_blank'>OMIA:000363-9685<\/a><\/td><\/tr><\/table><\/details><\/div><div class=\"order-now\"><strong><a href=\"https:\/\/shop.labogen.com\">Order now ...<\/a><\/strong><\/div><\/div><\/div><div class=\"clear-both\"><\/div><\/div><div class=\"wrap-detailed\"><details><summary class=\"detail-summary\">Detailed description<\/summary><p class=\"detailed\">Der Koagulationsfaktor XI ist ein Plasmaprotein, beteiligt an der intrinsischen Kaskade der Blutgerinnung. Die Blutungstendenz bei Faktor-XI-Mangel ist im Gegensatz zu H\u00e4mophilien nur leichtgradig erh\u00f6ht. Typisch sind H\u00e4matome und andere leichte Blutungen, die nur manchmal nach Trauma oder chirurgischen Eingriffen auftreten. Ein Faktor-XI-Mangel verl\u00e4ngert die partielle Thromboplastinzeit im Plasma, aber die Thromboplastinzeit bleibt normal. Laboklin hat Maine-Coon-Katzen mit erh\u00f6hter Blutungsneigung sowie deren Verwandte untersucht und einen Gendefekt im Faktor XI identifiziert. Dabei wurden auch homozygot erkrankte und Tr\u00e4gertiere (Carrier) in Europa nachgewiesen. Der Faktor-XI-Mangel wird autosomal-rezessiv vererbt. Anhand dieses Gentests k\u00f6nnen Maine-Coon-Katzen, die ein erh\u00f6htes Blutungsrisiko tragen, aber auch symptomlose m\u00e4nnliche und weibliche Tr\u00e4gertiere sicher identifiziert und die Verbreitung dieses Gendefektes bei der Zucht eingeschr\u00e4nkt werden.<\/p><\/details>\n","protected":false},"excerpt":{"rendered":"","protected":false},"author":1,"featured_media":0,"parent":6265,"menu_order":0,"comment_status":"closed","ping_status":"closed","template":"","meta":{"footnotes":""},"class_list":["post-228729","page","type-page","status-publish","hentry"],"_links":{"self":[{"href":"https:\/\/staging.laboklin.com\/labogen\/labogen_wp\/index.php\/wp-json\/wp\/v2\/pages\/228729","targetHints":{"allow":["GET"]}}],"collection":[{"href":"https:\/\/staging.laboklin.com\/labogen\/labogen_wp\/index.php\/wp-json\/wp\/v2\/pages"}],"about":[{"href":"https:\/\/staging.laboklin.com\/labogen\/labogen_wp\/index.php\/wp-json\/wp\/v2\/types\/page"}],"author":[{"embeddable":true,"href":"https:\/\/staging.laboklin.com\/labogen\/labogen_wp\/index.php\/wp-json\/wp\/v2\/users\/1"}],"replies":[{"embeddable":true,"href":"https:\/\/staging.laboklin.com\/labogen\/labogen_wp\/index.php\/wp-json\/wp\/v2\/comments?post=228729"}],"version-history":[{"count":0,"href":"https:\/\/staging.laboklin.com\/labogen\/labogen_wp\/index.php\/wp-json\/wp\/v2\/pages\/228729\/revisions"}],"up":[{"embeddable":true,"href":"https:\/\/staging.laboklin.com\/labogen\/labogen_wp\/index.php\/wp-json\/wp\/v2\/pages\/6265"}],"wp:attachment":[{"href":"https:\/\/staging.laboklin.com\/labogen\/labogen_wp\/index.php\/wp-json\/wp\/v2\/media?parent=228729"}],"curies":[{"name":"wp","href":"https:\/\/api.w.org\/{rel}","templated":true}]}}