{"id":228604,"date":"2024-09-12T07:23:52","date_gmt":"2024-09-12T05:23:52","guid":{"rendered":"http:\/\/staging.laboklin.com\/labogen\/labogen_wp\/cystinurie"},"modified":"2024-09-12T07:23:52","modified_gmt":"2024-09-12T05:23:52","slug":"cystinurie","status":"publish","type":"page","link":"https:\/\/staging.laboklin.com\/labogen\/labogen_wp\/index.php\/erbkrankheiten-katze\/cystinurie\/","title":{"rendered":"Cystinurie"},"content":{"rendered":"<div class=\"wrap-top\"><div class=\"wrap-left\"><h1 class=\"header-1\">Cystinurie<\/h1><h4><strong>General description<\/strong><\/h4><p class=\"bodytext\">Die Cystinurie ist eine erbliche Stoffwechselerkrankung der Katze, bei der die Niere nicht richtig arbeitet. In der Folge wird die Aminos\u00e4ure Cystin \u00fcber den Urin vermehrt ausgeschieden. Cystin ist schlecht im Wasser l\u00f6slich und so kristallisieren die Anh\u00e4ufungen dieses Stoffes im Harn aus, es bilden sich Steine. Die Harnsteine, die die Ursache f\u00fcr die klinischen Symptome sind, treten schon im jugendlichen Alter auf. Dabei kann es zu einem lebensbedrohlichen Verschluss der Harnwege kommen.<\/p><\/div><div class=\"wrap-right\"><div class=\"wrap-toggle\"><div class=\"toggle-details\"><details><summary class=\"summary-details\">Order details<\/summary><table border=\"0\"><tr><td width=\"45%\"><span><strong>Test number<\/strong><\/span><\/td><td>8604<\/td><\/tr><tr><td><strong>Sample material<\/strong><\/td><td>0,5 ml EDTA Blut, 2x Backenabstrich, 1x Spezialabstrich (eNAT)<\/td><\/tr><tr><td><strong>Test duration<\/strong><\/td><td>7-14 Werktage<\/td><\/tr><\/table><\/details><details><summary class=\"summary-specs\">Test specifications<\/summary><table border=\"0\"><tr><td width=\"45%\"><strong>Symptom complex<\/strong><\/td><td>urologisch<\/td><\/tr><tr><td width=\"45%\"><strong>Inheritance<\/strong><\/td><td>autosomal-rezessiv<\/td><\/tr><tr><td width=\"45%\"><strong>Age of onset<\/strong><\/td><td>jugendliches Alter<\/td><\/tr><tr><td width=\"45%\"><strong>Causality<\/strong><\/td><td>urs\u00e4chlich<\/td><\/tr><tr><td width=\"45%\"><strong>Gene<\/strong><\/td><td>SLC7A9<\/td><\/tr><tr><td width=\"45%\"><strong>Mutation<\/strong><\/td><td>T-A<\/td><\/tr><tr><td width=\"45%\"><strong>Literature<\/strong><\/td><td><a href='https:\/\/www.omia.org\/OMIA002023\/9685\/' target='_blank'>OMIA:002023-9685<\/a><\/td><\/tr><\/table><\/details><\/div><div class=\"order-now\"><strong><a href=\"https:\/\/shop.labogen.com\">Order now ...<\/a><\/strong><\/div><\/div><\/div><div class=\"clear-both\"><\/div><\/div><div class=\"wrap-detailed\"><details><summary class=\"detail-summary\">Detailed description<\/summary><p class=\"detailed\">Die Cystinurie ist eine erbliche Stoffwechselerkrankung der Katze, bei  der die Niere nicht richtig arbeitet. In der Folge wird die Aminos\u00e4ure Cystin \u00fcber den Urin vermehrt ausgeschieden. Cystin ist schlecht im Wasser l\u00f6slich und so kristallisieren die Anh\u00e4ufungen dieses Stoffes im Harn aus, es bilden sich Steine. Die Harnsteine, die die Ursache f\u00fcr die  klinischen Symptome sind, treten schon im jugendlichen Alter auf. Dabei kann es zu einem lebensbedrohlichen Verschluss der Harnwege kommen. <\/p><\/details>\n","protected":false},"excerpt":{"rendered":"","protected":false},"author":1,"featured_media":0,"parent":6265,"menu_order":0,"comment_status":"closed","ping_status":"closed","template":"","meta":{"footnotes":""},"class_list":["post-228604","page","type-page","status-publish","hentry"],"_links":{"self":[{"href":"https:\/\/staging.laboklin.com\/labogen\/labogen_wp\/index.php\/wp-json\/wp\/v2\/pages\/228604","targetHints":{"allow":["GET"]}}],"collection":[{"href":"https:\/\/staging.laboklin.com\/labogen\/labogen_wp\/index.php\/wp-json\/wp\/v2\/pages"}],"about":[{"href":"https:\/\/staging.laboklin.com\/labogen\/labogen_wp\/index.php\/wp-json\/wp\/v2\/types\/page"}],"author":[{"embeddable":true,"href":"https:\/\/staging.laboklin.com\/labogen\/labogen_wp\/index.php\/wp-json\/wp\/v2\/users\/1"}],"replies":[{"embeddable":true,"href":"https:\/\/staging.laboklin.com\/labogen\/labogen_wp\/index.php\/wp-json\/wp\/v2\/comments?post=228604"}],"version-history":[{"count":0,"href":"https:\/\/staging.laboklin.com\/labogen\/labogen_wp\/index.php\/wp-json\/wp\/v2\/pages\/228604\/revisions"}],"up":[{"embeddable":true,"href":"https:\/\/staging.laboklin.com\/labogen\/labogen_wp\/index.php\/wp-json\/wp\/v2\/pages\/6265"}],"wp:attachment":[{"href":"https:\/\/staging.laboklin.com\/labogen\/labogen_wp\/index.php\/wp-json\/wp\/v2\/media?parent=228604"}],"curies":[{"name":"wp","href":"https:\/\/api.w.org\/{rel}","templated":true}]}}