{"id":228080,"date":"2024-09-12T07:23:51","date_gmt":"2024-09-12T05:23:51","guid":{"rendered":"http:\/\/staging.laboklin.com\/labogen\/labogen_wp\/hypertrophe-kardiomyopathie-hcm1"},"modified":"2024-09-12T07:23:51","modified_gmt":"2024-09-12T05:23:51","slug":"hypertrophe-kardiomyopathie-hcm1","status":"publish","type":"page","link":"https:\/\/staging.laboklin.com\/labogen\/labogen_wp\/index.php\/erbkrankheiten-katze\/hypertrophe-kardiomyopathie-hcm1\/","title":{"rendered":"Hypertrophe Kardiomyopathie (HCM1)"},"content":{"rendered":"<div class=\"wrap-top\"><div class=\"wrap-left\"><h1 class=\"header-1\">Hypertrophe Kardiomyopathie (HCM1)<\/h1><h4><strong>General description<\/strong><\/h4><p class=\"bodytext\">Die hypertrophe Kardiomyopathie (HCM) ist gekennzeichnet durch eine Verdickung der Wand der linken Herzkammer, eine Verdickung der Papillarmuskeln, eine systolische Vorw\u00e4rtsbewegung der Mitralklappe, schlie\u00dflich eine Vergr\u00f6\u00dferung der linken Herzkammer und letztendlich Herzschw\u00e4che und Herzversagen. Zwei identifizierte Mutationen im MYBPC3-Gen stellen nach derzeitigem Forschungsstand Hochrisikofaktoren dar: Homozygote Tr\u00e4ger haben ein vielfach erh\u00f6htes Risiko an HCM zu erkranken als gesunde Tiere. Heterozygote Tr\u00e4ger besitzen hingegen nur ein gering erh\u00f6htes Risiko. <\/p><h4 class=\"header-4\"><strong><span>Breeds<\/span><\/strong><\/h4><p>Maine Coon<\/p><\/div><div class=\"wrap-right\"><div class=\"wrap-toggle\"><div class=\"toggle-details\"><details><summary class=\"summary-details\">Order details<\/summary><table border=\"0\"><tr><td width=\"45%\"><span><strong>Test number<\/strong><\/span><\/td><td>8080<\/td><\/tr><tr><td><strong>Abbreviation<\/strong><\/td><td>HCM1<\/td><\/tr><tr><td><strong>Sample material<\/strong><\/td><td>0,5 ml EDTA Blut, 2x Backenabstrich, 1x Spezialabstrich (eNAT)<\/td><\/tr><tr><td><strong>Test duration<\/strong><\/td><td>3-5 Werktage<\/td><\/tr><\/table><\/details><details><summary class=\"summary-specs\">Test specifications<\/summary><table border=\"0\"><tr><td width=\"45%\"><strong>Symptom complex<\/strong><\/td><td>cardial<\/td><\/tr><tr><td width=\"45%\"><strong>Inheritance<\/strong><\/td><td>autosomal-dominant<\/td><\/tr><tr><td width=\"45%\"><strong>Causality<\/strong><\/td><td>urs\u00e4chlich<\/td><\/tr><tr><td width=\"45%\"><strong>Gene<\/strong><\/td><td>MYBPC3<\/td><\/tr><tr><td width=\"45%\"><strong>Mutation<\/strong><\/td><td>C-G<\/td><\/tr><tr><td width=\"45%\"><strong>Literature<\/strong><\/td><td><a href='https:\/\/www.omia.org\/OMIA000515\/9685\/' target='_blank'>OMIA:000515-9685<\/a><\/td><\/tr><\/table><\/details><\/div><div class=\"order-now\"><strong><a href=\"https:\/\/shop.labogen.com\">Order now ...<\/a><\/strong><\/div><\/div><\/div><div class=\"clear-both\"><\/div><\/div><div class=\"wrap-detailed\"><details><summary class=\"detail-summary\">Detailed description<\/summary><p class=\"detailed\">Die hypertrophe Kardiomyopathie (HCM) ist die am weitesten verbreitete Herzerkrankung bei Katzen und f\u00fchrt zu einer eingeschr\u00e4nkten Belastbarkeit. Die Diagnose erfolgt mittels  Ultraschall-Untersuchung (Echokardiografie), unterst\u00fctzend dazu kann ein Gentest erfolgen. Die Ultraschalluntersuchung ist erst in h\u00f6herem Alter sinnvoll, wenn Ver\u00e4nderungen bereits sichtbar sind. Bei der Rasse Maine Coon wurden bestimmte erbliche Genmutationen als Hochrisikofaktoren ausgemacht, die schon vor der Ultraschalluntersuchung einen Hinweis auf die Ausbildung der Erkrankung geben k\u00f6nnen. Das erste Krankheitszeichen der HCM ist eine verdickte Wand (konzentrische Hypertrophie) der linken Herzkammer (Ventrikel). Weitere Anteile des Herzens k\u00f6nnen ver\u00e4ndert sein, so die Papillarmuskeln und die linke Herzklappe (Mitralklappe). Infolgedessen vergr\u00f6\u00dfert sich schlie\u00dflich die linke Herzkammer. Diese Ver\u00e4nderungen schr\u00e4nken das Herz in seiner Arbeit ein. Die HCM kann somit auf vielf\u00e4ltige Weise zum Tod f\u00fchren: pl\u00f6tzlicher Herztod durch Rhythmusst\u00f6rungen und Kammerflimmern; Herzversagen mit den Symptomen Herzrasen, beschleunigte Atmung, Kurzatmigkeit, Fl\u00fcssigkeitseinlagerungen in der Lunge (Lungen\u00f6dem) und in  ihrer Ummantelung (Pleuraerguss). Die HCM birgt au\u00dferdem das Risiko einer Thrombenbildung (Blutklumpung) durch gestautes Blut. Der Thrombus kann im Blutsystem wandern und die Aufzweigung der Becken- und Beingef\u00e4\u00dfe verstopfen (Sattelthrombus). Dies macht sich in einer L\u00e4hmung der Hinterbeine bemerkbar.<\/p><\/details>\n","protected":false},"excerpt":{"rendered":"","protected":false},"author":1,"featured_media":0,"parent":6265,"menu_order":0,"comment_status":"closed","ping_status":"closed","template":"","meta":{"footnotes":""},"class_list":["post-228080","page","type-page","status-publish","hentry"],"_links":{"self":[{"href":"https:\/\/staging.laboklin.com\/labogen\/labogen_wp\/index.php\/wp-json\/wp\/v2\/pages\/228080","targetHints":{"allow":["GET"]}}],"collection":[{"href":"https:\/\/staging.laboklin.com\/labogen\/labogen_wp\/index.php\/wp-json\/wp\/v2\/pages"}],"about":[{"href":"https:\/\/staging.laboklin.com\/labogen\/labogen_wp\/index.php\/wp-json\/wp\/v2\/types\/page"}],"author":[{"embeddable":true,"href":"https:\/\/staging.laboklin.com\/labogen\/labogen_wp\/index.php\/wp-json\/wp\/v2\/users\/1"}],"replies":[{"embeddable":true,"href":"https:\/\/staging.laboklin.com\/labogen\/labogen_wp\/index.php\/wp-json\/wp\/v2\/comments?post=228080"}],"version-history":[{"count":0,"href":"https:\/\/staging.laboklin.com\/labogen\/labogen_wp\/index.php\/wp-json\/wp\/v2\/pages\/228080\/revisions"}],"up":[{"embeddable":true,"href":"https:\/\/staging.laboklin.com\/labogen\/labogen_wp\/index.php\/wp-json\/wp\/v2\/pages\/6265"}],"wp:attachment":[{"href":"https:\/\/staging.laboklin.com\/labogen\/labogen_wp\/index.php\/wp-json\/wp\/v2\/media?parent=228080"}],"curies":[{"name":"wp","href":"https:\/\/api.w.org\/{rel}","templated":true}]}}