{"id":218765,"date":"2024-09-12T07:23:46","date_gmt":"2024-09-12T05:23:46","guid":{"rendered":"http:\/\/staging.laboklin.com\/labogen\/labogen_wp\/ticking-tuepfelung-stichelung-schimmelung"},"modified":"2024-09-12T07:23:46","modified_gmt":"2024-09-12T05:23:46","slug":"ticking-tuepfelung-stichelung-schimmelung","status":"publish","type":"page","link":"https:\/\/staging.laboklin.com\/labogen\/labogen_wp\/index.php\/farbe-haarlaenge-haarstruktur-hund\/ticking-tuepfelung-stichelung-schimmelung\/","title":{"rendered":"Ticking (T\u00fcpfelung, Stichelung, Schimmelung)"},"content":{"rendered":"<div class=\"wrap-top\"><div class=\"wrap-left\"><h1 class=\"header-1\">Ticking (T\u00fcpfelung, Stichelung, Schimmelung)<\/h1><h4><strong>General description<\/strong><\/h4><p class=\"bodytext\">Am T-Lokus werden verschiedene Varianten vermutete, die einerseits das grunds\u00e4tzliche Auftreten von pigmentierten T\u00fcpfeln innerhalb der unpigmentierten Bereiche der Wei\u00dfscheckung bedingen, andererseits die Auspr\u00e4gung als T\u00fcpfelung, Stichelung, Schimmel oder Punkte steuern. Bisherige Studien haben die grunds\u00e4tzliche Ursache des Merkmals mit dem dominanten Tr-Allel gefunden. Der genetische Test des Tr-Allels erlaubt also eine Aussage zur Vererbung des Merkmals an sich, nicht jedoch zu dessen genauer Auspr\u00e4gung.<\/p><\/div><div class=\"wrap-right\"><div class=\"wrap-toggle\"><div class=\"toggle-details\"><details><summary class=\"summary-details\">Order details<\/summary><table border=\"0\"><tr><td width=\"45%\"><span><strong>Test number<\/strong><\/span><\/td><td>8765<\/td><\/tr><tr><td><strong>Sample material<\/strong><\/td><td>0,5 ml EDTA Blut, 2x Backenabstrich, 1x Spezialabstrich (eNAT)<\/td><\/tr><tr><td><strong>Test duration<\/strong><\/td><td>7-14 Werktage<\/td><\/tr><\/table><\/details><details><summary class=\"summary-specs\">Test specifications<\/summary><table border=\"0\"><tr><td width=\"45%\"><strong>Inheritance<\/strong><\/td><td>autosomal-dominant<\/td><\/tr><tr><td width=\"45%\"><strong>Gene<\/strong><\/td><td>USH2A<\/td><\/tr><tr><td width=\"45%\"><strong>Mutation<\/strong><\/td><td>C-T<\/td><\/tr><tr><td width=\"45%\"><strong>Literature<\/strong><\/td><td><a href='https:\/\/www.omia.org\/OMIA002264\/9615\/' target='_blank'>OMIA:002264-9615<\/a><\/td><\/tr><\/table><\/details><\/div><div class=\"order-now\"><strong><a href=\"https:\/\/shop.labogen.com\">Order now ...<\/a><\/strong><\/div><\/div><\/div><div class=\"clear-both\"><\/div><\/div><div class=\"wrap-detailed\"><details><summary class=\"detail-summary\">Detailed description<\/summary><p class=\"detailed\">Am T-Lokus werden verschiedene Varianten vermutete, die einerseits das grunds\u00e4tzliche Auftreten von pigmentierten T\u00fcpfeln innerhalb der unpigmentierten Bereiche der Wei\u00dfscheckung bedingen, andererseits die Auspr\u00e4gung als T\u00fcpfelung, Stichelung, Schimmel oder Punkte steuern. Bisherige Studien haben die grunds\u00e4tzliche Ursache des Merkmals mit dem dominanten Tr-Allel gefunden. Dieses ist dominant gegen\u00fcber dem Wildtyp (N oder t) und wurde als genetisch urs\u00e4chliche Variante f\u00fcr alle Formen des Ticking beschrieben. Der genetische Test des Tr-Allels erlaubt also eine Aussage zur Vererbung des Merkmals an sich, nicht jedoch zu dessen genauer Auspr\u00e4gung.<\/p><\/details>\n","protected":false},"excerpt":{"rendered":"","protected":false},"author":1,"featured_media":0,"parent":10689,"menu_order":0,"comment_status":"closed","ping_status":"closed","template":"","meta":{"footnotes":""},"class_list":["post-218765","page","type-page","status-publish","hentry"],"_links":{"self":[{"href":"https:\/\/staging.laboklin.com\/labogen\/labogen_wp\/index.php\/wp-json\/wp\/v2\/pages\/218765","targetHints":{"allow":["GET"]}}],"collection":[{"href":"https:\/\/staging.laboklin.com\/labogen\/labogen_wp\/index.php\/wp-json\/wp\/v2\/pages"}],"about":[{"href":"https:\/\/staging.laboklin.com\/labogen\/labogen_wp\/index.php\/wp-json\/wp\/v2\/types\/page"}],"author":[{"embeddable":true,"href":"https:\/\/staging.laboklin.com\/labogen\/labogen_wp\/index.php\/wp-json\/wp\/v2\/users\/1"}],"replies":[{"embeddable":true,"href":"https:\/\/staging.laboklin.com\/labogen\/labogen_wp\/index.php\/wp-json\/wp\/v2\/comments?post=218765"}],"version-history":[{"count":0,"href":"https:\/\/staging.laboklin.com\/labogen\/labogen_wp\/index.php\/wp-json\/wp\/v2\/pages\/218765\/revisions"}],"up":[{"embeddable":true,"href":"https:\/\/staging.laboklin.com\/labogen\/labogen_wp\/index.php\/wp-json\/wp\/v2\/pages\/10689"}],"wp:attachment":[{"href":"https:\/\/staging.laboklin.com\/labogen\/labogen_wp\/index.php\/wp-json\/wp\/v2\/media?parent=218765"}],"curies":[{"name":"wp","href":"https:\/\/api.w.org\/{rel}","templated":true}]}}