{"id":218191,"date":"2024-09-12T07:23:48","date_gmt":"2024-09-12T05:23:48","guid":{"rendered":"http:\/\/staging.laboklin.com\/labogen\/labogen_wp\/startle-disease"},"modified":"2024-09-12T07:23:48","modified_gmt":"2024-09-12T05:23:48","slug":"startle-disease","status":"publish","type":"page","link":"https:\/\/staging.laboklin.com\/labogen\/labogen_wp\/index.php\/erbkrankheiten-hund\/startle-disease\/","title":{"rendered":"Startle Disease"},"content":{"rendered":"<div class=\"wrap-top\"><div class=\"wrap-left\"><h1 class=\"header-1\">Startle Disease<\/h1><h4><strong>General description<\/strong><\/h4><p class=\"bodytext\">Die Startle-Krankheit oder Hyperekplexie ist eine erblich bedingte neurodegenerative Erkrankung, die mit einem gest\u00f6rten Transport des Neurotransmitters Glycin zusammenh\u00e4ngt. Betroffene Welpen zeigen bereits in sehr jungem Alter erste Symptome wie \u00fcberm\u00e4\u00dfige Steifheit der Beinmuskulatur und Muskelzittern als Reaktion auf akustische oder taktile Stimuli. Die Welpen k\u00f6nnen weder stehen noch gehen und zeigen eine starre Streckhaltung aller vier Gliedma\u00dfen.<\/p><h4 class=\"header-4\"><strong><span>Breeds<\/span><\/strong><\/h4><p>Australian Shepherd, Bobtail, Galgo Espanol, Irischer Wolfshund, Miniature American Shepherd<\/p><\/div><div class=\"wrap-right\"><div class=\"wrap-toggle\"><div class=\"toggle-details\"><details><summary class=\"summary-details\">Order details<\/summary><table border=\"0\"><tr><td width=\"45%\"><span><strong>Test number<\/strong><\/span><\/td><td>8191<\/td><\/tr><tr><td><strong>Sample material<\/strong><\/td><td>0,5 ml EDTA Blut, 2x Backenabstrich, 1x Spezialabstrich (eNAT)<\/td><\/tr><tr><td><strong>Test duration<\/strong><\/td><td>7-14 Werktage<\/td><\/tr><\/table><\/details><details><summary class=\"summary-specs\">Test specifications<\/summary><table border=\"0\"><tr><td width=\"45%\"><strong>Inheritance<\/strong><\/td><td>autosomal-rezessiv<\/td><\/tr><\/table><\/details><\/div><div class=\"order-now\"><strong><a href=\"https:\/\/shop.labogen.com\">Order now ...<\/a><\/strong><\/div><\/div><\/div><div class=\"clear-both\"><\/div><\/div><div class=\"wrap-detailed\"><details><summary class=\"detail-summary\">Detailed description<\/summary><p class=\"detailed\"><p>Die Startle-Krankheit oder Hyperekplexie ist eine erblich bedingte <strong>neurodegenerative Erkrankung<\/strong>, die mit einem gest\u00f6rten Transport des Neurotransmitters Glycin zusammenh\u00e4ngt. Individuelle Mutationen im SLC6A5-Gen wurden bei den Rassen Bobtail, Irischer Wolfshund und Galgo Espagnol gefunden, w\u00e4hrend bei Australian Shepherds und Miniature American Shepherds eine Variante im GLRA1-Gen gefunden wurde, die die Startle-Krankheit verursacht.<\/p><p>Betroffene Welpen zeigen bereits in <strong>sehr jungem Alter erste Symptome<\/strong>, beim Irischen Wolfshund beispielsweise bereits 5-7 Tage nach der Geburt. Klinische Symptome sind <strong>\u00fcberm\u00e4\u00dfige Steifheit der Beinmuskeln und Muskelzittern<\/strong> als Reaktion auf <strong>akustische oder taktile Stimuli<\/strong>. Die Welpen k\u00f6nnen <strong>weder stehen noch gehen<\/strong> und zeigen eine <strong>starre Streckhaltung aller vier Gliedma\u00dfen<\/strong>. Die Symptome lassen nach, wenn die Hunde entspannt sind oder schlafen und nehmen bei Bewegung zu. Zudem kann eine <strong>Zyanose<\/strong> (Blauf\u00e4rbung der Zunge und Schleimh\u00e4ute) w\u00e4hrend des S\u00e4ugens auftreten.<\/p><p>Betroffene Welpen m\u00fcssen aufgrund der stark eingeschr\u00e4nkten Lebensqualit\u00e4t eingeschl\u00e4fert werden.<\/p> <\/p><\/details>\n","protected":false},"excerpt":{"rendered":"","protected":false},"author":1,"featured_media":0,"parent":6261,"menu_order":0,"comment_status":"closed","ping_status":"closed","template":"","meta":{"footnotes":""},"class_list":["post-218191","page","type-page","status-publish","hentry"],"_links":{"self":[{"href":"https:\/\/staging.laboklin.com\/labogen\/labogen_wp\/index.php\/wp-json\/wp\/v2\/pages\/218191","targetHints":{"allow":["GET"]}}],"collection":[{"href":"https:\/\/staging.laboklin.com\/labogen\/labogen_wp\/index.php\/wp-json\/wp\/v2\/pages"}],"about":[{"href":"https:\/\/staging.laboklin.com\/labogen\/labogen_wp\/index.php\/wp-json\/wp\/v2\/types\/page"}],"author":[{"embeddable":true,"href":"https:\/\/staging.laboklin.com\/labogen\/labogen_wp\/index.php\/wp-json\/wp\/v2\/users\/1"}],"replies":[{"embeddable":true,"href":"https:\/\/staging.laboklin.com\/labogen\/labogen_wp\/index.php\/wp-json\/wp\/v2\/comments?post=218191"}],"version-history":[{"count":0,"href":"https:\/\/staging.laboklin.com\/labogen\/labogen_wp\/index.php\/wp-json\/wp\/v2\/pages\/218191\/revisions"}],"up":[{"embeddable":true,"href":"https:\/\/staging.laboklin.com\/labogen\/labogen_wp\/index.php\/wp-json\/wp\/v2\/pages\/6261"}],"wp:attachment":[{"href":"https:\/\/staging.laboklin.com\/labogen\/labogen_wp\/index.php\/wp-json\/wp\/v2\/media?parent=218191"}],"curies":[{"name":"wp","href":"https:\/\/api.w.org\/{rel}","templated":true}]}}