{"id":218075,"date":"2024-09-12T07:23:48","date_gmt":"2024-09-12T05:23:48","guid":{"rendered":"http:\/\/staging.laboklin.com\/labogen\/labogen_wp\/neuronale-ceroidlipofuszinose-ncl-2"},"modified":"2024-09-12T07:23:48","modified_gmt":"2024-09-12T05:23:48","slug":"neuronale-ceroidlipofuszinose-ncl-2","status":"publish","type":"page","link":"https:\/\/staging.laboklin.com\/labogen\/labogen_wp\/index.php\/erbkrankheiten-hund\/neuronale-ceroidlipofuszinose-ncl-2\/","title":{"rendered":"Neuronale Ceroidlipofuszinose (NCL)"},"content":{"rendered":"<div class=\"wrap-top\"><div class=\"wrap-left\"><h1 class=\"header-1\">Neuronale Ceroidlipofuszinose (NCL)<\/h1><h4><strong>General description<\/strong><\/h4><p class=\"bodytext\">Die Neuronale Ceroid Lipofuszinose (NCL) ist eine neurodegenerative Erkrankung aufgrund von lysosomalen Speicherdefekten. Klinische Symptome beinhalten eine Steigerung der k\u00f6rperlichen Unruhe und der Aggressivit\u00e4t. Die Hunde werden hyperaktiv und leiden unter epileptischen Zust\u00e4nden. Das Alter, in dem die Erkrankung beginnt, sowie der Schweregrad k\u00f6nnen stark variieren.<\/p><h4 class=\"header-4\"><strong><span>Breeds<\/span><\/strong><\/h4><p>American Bulldog, Border Collie, Cane Corso Italiano, Chihuahua, Chinese Crested Dog, English Setter, Golden Retriever, Goldendoodle, Gordon Setter, Saluki, Schapendoes, Schweizer Niederlaufhund, Tibet-Terrier<\/p><\/div><div class=\"wrap-right\"><div class=\"wrap-toggle\"><div class=\"toggle-details\"><details><summary class=\"summary-details\">Order details<\/summary><table border=\"0\"><tr><td width=\"45%\"><span><strong>Test number<\/strong><\/span><\/td><td>8075<\/td><\/tr><tr><td><strong>Sample material<\/strong><\/td><td>0,5 ml EDTA Blut, 2x Backenabstrich, 1x Spezialabstrich (eNAT)<\/td><\/tr><tr><td><strong>Test duration<\/strong><\/td><td>7-14 Werktage<\/td><\/tr><\/table><\/details><details><summary class=\"summary-specs\">Test specifications<\/summary><table border=\"0\"><tr><td width=\"45%\"><strong>Inheritance<\/strong><\/td><td>autosomal-rezessiv<\/td><\/tr><\/table><\/details><\/div><div class=\"order-now\"><strong><a href=\"https:\/\/shop.labogen.com\">Order now ...<\/a><\/strong><\/div><\/div><\/div><div class=\"clear-both\"><\/div><\/div><div class=\"wrap-detailed\"><details><summary class=\"detail-summary\">Detailed description<\/summary><p class=\"detailed\">Bei der Neuronalen Ceroid Lipofuszinose (NCL) handelt sich um eine erbliche Stoffwechselst\u00f6rung, die durch lysosomale Speicherdefekte hervorgerufen wird. Dadurch kommt es zu einer Ver\u00e4nderungen der Nerven (neuronale Degeneration). Klinische Symptome sind vor allem Verhaltensauff\u00e4lligkeiten wie Unruhe, Aggressivit\u00e4t und Angstzust\u00e4nde. Die Hunde k\u00f6nnen auch unter epileptischen Zust\u00e4nden\/Anf\u00e4llen und Sehst\u00f6rungen leiden. Die meisten Tiere verlieren die F\u00e4higkeit zu fressen und laufen, da ihre Muskelkoordination und -aktivit\u00e4t gest\u00f6rt ist. Das Alter, in dem die Erkrankung beginnt sowie der Schweregrad k\u00f6nnen stark variieren. Beim Tibet Terrier treten die ersten Symptome erst im Erwachsenenalter auf. Mit zunehmender Neurodegeneration entwickeln jedoch alle Hunde psychische Abnormalit\u00e4ten und auch Bewegungsst\u00f6rungen wie Ataxie.<\/p><\/details>\n","protected":false},"excerpt":{"rendered":"","protected":false},"author":1,"featured_media":0,"parent":6261,"menu_order":0,"comment_status":"closed","ping_status":"closed","template":"","meta":{"footnotes":""},"class_list":["post-218075","page","type-page","status-publish","hentry"],"_links":{"self":[{"href":"https:\/\/staging.laboklin.com\/labogen\/labogen_wp\/index.php\/wp-json\/wp\/v2\/pages\/218075","targetHints":{"allow":["GET"]}}],"collection":[{"href":"https:\/\/staging.laboklin.com\/labogen\/labogen_wp\/index.php\/wp-json\/wp\/v2\/pages"}],"about":[{"href":"https:\/\/staging.laboklin.com\/labogen\/labogen_wp\/index.php\/wp-json\/wp\/v2\/types\/page"}],"author":[{"embeddable":true,"href":"https:\/\/staging.laboklin.com\/labogen\/labogen_wp\/index.php\/wp-json\/wp\/v2\/users\/1"}],"replies":[{"embeddable":true,"href":"https:\/\/staging.laboklin.com\/labogen\/labogen_wp\/index.php\/wp-json\/wp\/v2\/comments?post=218075"}],"version-history":[{"count":0,"href":"https:\/\/staging.laboklin.com\/labogen\/labogen_wp\/index.php\/wp-json\/wp\/v2\/pages\/218075\/revisions"}],"up":[{"embeddable":true,"href":"https:\/\/staging.laboklin.com\/labogen\/labogen_wp\/index.php\/wp-json\/wp\/v2\/pages\/6261"}],"wp:attachment":[{"href":"https:\/\/staging.laboklin.com\/labogen\/labogen_wp\/index.php\/wp-json\/wp\/v2\/media?parent=218075"}],"curies":[{"name":"wp","href":"https:\/\/api.w.org\/{rel}","templated":true}]}}