{"id":218032,"date":"2024-09-12T07:23:47","date_gmt":"2024-09-12T05:23:47","guid":{"rendered":"http:\/\/staging.laboklin.com\/labogen\/labogen_wp\/mdr1-genvariante-ivermectinunvertraeglichkeit"},"modified":"2024-09-12T07:23:47","modified_gmt":"2024-09-12T05:23:47","slug":"mdr1-genvariante-ivermectinunvertraeglichkeit","status":"publish","type":"page","link":"https:\/\/staging.laboklin.com\/labogen\/labogen_wp\/index.php\/erbkrankheiten-hund\/mdr1-genvariante-ivermectinunvertraeglichkeit\/","title":{"rendered":"MDR1-Genvariante (Ivermectinunvertr\u00e4glichkeit)"},"content":{"rendered":"<div class=\"wrap-top\"><div class=\"wrap-left\"><h1 class=\"header-1\">MDR1-Genvariante (Ivermectinunvertr\u00e4glichkeit)<\/h1><h4><strong>General description<\/strong><\/h4><p class=\"bodytext\">Ivermectin ist ein normalerweise sicher anzuwendendes Antiparasitikum, das bei einer intakten Blut-Hirn-Schranke nicht ins Gehirngewebe \u00fcbergehen kann. Bei MDR1 betroffenen Tieren kommte es jedoch zu gravierenden neurotoxischen Effekten. Klinische Symptome betroffener Tiere k\u00f6nnen von Bewegungs- und Koordinationsst\u00f6rungen, Desorientiertheit, Erbrechen und Zittern bis hin zu komat\u00f6sen Zust\u00e4nden reichen.<\/p><h4 class=\"header-4\"><strong><span>Breeds<\/span><\/strong><\/h4><p>Australian Shepherd, Bobtail, Border Collie, Collie (Kurzhaar\/Langhaar), Deutscher Sch\u00e4ferhund, Elo, McNab\u00a0, Miniature American Shepherd, Shetland Sheepdog (Sheltie) , Silken Windhound, Silken Windsprite (Langhaar-Whippet), Wei\u00dfer Schweizer Sch\u00e4ferhund, W\u00e4ller<\/p><\/div><div class=\"wrap-right\"><div class=\"wrap-toggle\"><div class=\"toggle-details\"><details><summary class=\"summary-details\">Order details<\/summary><table border=\"0\"><tr><td width=\"45%\"><span><strong>Test number<\/strong><\/span><\/td><td>8032<\/td><\/tr><tr><td><strong>Trivial names<\/strong><\/td><td>MDR1-Defekt, Ivermectin Unvertr\u00e4glichkeit, Medika- mentenunvertr\u00e4glichkeit (MDR1)<\/td><\/tr><tr><td><strong>Abbreviation<\/strong><\/td><td>MDR1<\/td><\/tr><tr><td><strong>Sample material<\/strong><\/td><td>0,5 ml EDTA Blut, 2x Backenabstrich, 1x Spezialabstrich (eNAT)<\/td><\/tr><tr><td><strong>Test duration<\/strong><\/td><td>3-5 Werktage<\/td><\/tr><\/table><\/details><details><summary class=\"summary-specs\">Test specifications<\/summary><table border=\"0\"><tr><td width=\"45%\"><strong>Symptom complex<\/strong><\/td><td>metabolisch<\/td><\/tr><tr><td width=\"45%\"><strong>Inheritance<\/strong><\/td><td>autosomal-rezessiv; jedoch ist auch bei Tr\u00e4gern mit \u00dcberempfindlichkeit zu rechnen<\/td><\/tr><tr><td width=\"45%\"><strong>Causality<\/strong><\/td><td>urs\u00e4chlich<\/td><\/tr><tr><td width=\"45%\"><strong>Gene<\/strong><\/td><td>ABCB1<\/td><\/tr><tr><td width=\"45%\"><strong>Mutation<\/strong><\/td><td>DEL<\/td><\/tr><tr><td width=\"45%\"><strong>Literature<\/strong><\/td><td><a href='https:\/\/www.omia.org\/OMIA001402\/9615\/' target='_blank'>OMIA:001402-9615<\/a><\/td><\/tr><\/table><\/details><\/div><div class=\"order-now\"><strong><a href=\"https:\/\/shop.labogen.com\">Order now ...<\/a><\/strong><\/div><\/div><\/div><div class=\"clear-both\"><\/div><\/div><div class=\"wrap-detailed\"><details><summary class=\"detail-summary\">Detailed description<\/summary><p class=\"detailed\">Bei Rassen wie Australian Shepherd, Bobtail, Border Collie, Deutscher Sch\u00e4ferhund, Elo, Kurzhaar- und Langhaar-Collie, Langhaar Whippet, Mc Nab, Shetland Sheepdog, Silken Windhound, W\u00e4ller, Wei\u00dfer Schweizer Sch\u00e4ferhund kann der sogenannte MDR1-Gendefekt zu einer \u00dcberempfindlichkeit auf Ivermectin, einem zur Parasitenbek\u00e4mpfung verwendeten Wirkstoff, kommen. Dieser wird autosomal-rezessiv vererbt und lebensbedrohlich f\u00fcr die Tiere. Denn bereits eine geringe Dosierung f\u00fchrt zu schweren neurotoxischen Nebenwirkungen wie Bewegungs- und Koordinationsst\u00f6rungen, Desorientiertheit, Erbrechen und Zittern bis hin zu komat\u00f6sen Zust\u00e4nden. <\/p><\/details>\n","protected":false},"excerpt":{"rendered":"","protected":false},"author":1,"featured_media":0,"parent":6261,"menu_order":0,"comment_status":"closed","ping_status":"closed","template":"","meta":{"footnotes":""},"class_list":["post-218032","page","type-page","status-publish","hentry"],"_links":{"self":[{"href":"https:\/\/staging.laboklin.com\/labogen\/labogen_wp\/index.php\/wp-json\/wp\/v2\/pages\/218032","targetHints":{"allow":["GET"]}}],"collection":[{"href":"https:\/\/staging.laboklin.com\/labogen\/labogen_wp\/index.php\/wp-json\/wp\/v2\/pages"}],"about":[{"href":"https:\/\/staging.laboklin.com\/labogen\/labogen_wp\/index.php\/wp-json\/wp\/v2\/types\/page"}],"author":[{"embeddable":true,"href":"https:\/\/staging.laboklin.com\/labogen\/labogen_wp\/index.php\/wp-json\/wp\/v2\/users\/1"}],"replies":[{"embeddable":true,"href":"https:\/\/staging.laboklin.com\/labogen\/labogen_wp\/index.php\/wp-json\/wp\/v2\/comments?post=218032"}],"version-history":[{"count":0,"href":"https:\/\/staging.laboklin.com\/labogen\/labogen_wp\/index.php\/wp-json\/wp\/v2\/pages\/218032\/revisions"}],"up":[{"embeddable":true,"href":"https:\/\/staging.laboklin.com\/labogen\/labogen_wp\/index.php\/wp-json\/wp\/v2\/pages\/6261"}],"wp:attachment":[{"href":"https:\/\/staging.laboklin.com\/labogen\/labogen_wp\/index.php\/wp-json\/wp\/v2\/media?parent=218032"}],"curies":[{"name":"wp","href":"https:\/\/api.w.org\/{rel}","templated":true}]}}